common factor of 139466 and 17740686?
1018
Calculate the highest common divisor of 216 and 211701492.
108
What is the greatest common factor of 796 and 1882?
2
What is the highest common divisor of 19506219 and 774?
129
Calculate the greatest common divisor of 128 and 5557.
1
Calculate the greatest common factor of 3644 and 821929708.
3644
Calculate the greatest common divisor of 35834580 and 180.
180
Calculate the greatest common divisor of 8381417 and 4671376.
7121
What is the highest common divisor of 23 and 15913861?
23
What is the greatest common factor of 1000809 and 1528188?
1101
Calculate the greatest common divisor of 79897 and 571160.
109
What is the greatest common factor of 56 and 89895176?
56
Calculate the highest common divisor of 18365670 and 20.
10
What is the greatest common factor of 60 and 123250815?
15
What is the greatest common divisor of 30 and 100877340?
30
Calculate the greatest common divisor of 64111 and 444573.
1051
Calculate the highest common divisor of 11461 and 2724798.
73
Calculate the greatest common divisor of 2519160 and 14.
14
What is the highest common divisor of 71429417 and 38?
19
What is the highest common factor of 7230 and 28380?
30
What is the greatest common divisor of 99866 and 219903?
23
Calculate the highest common divisor of 1599712 and 7136.
32
What is the highest common factor of 1256394 and 86298?
114
What is the highest common factor of 26245410 and 10?
10
What is the highest common factor of 2890 and 210878965?
1445
Calculate the greatest common divisor of 8275 and 360200.
25
What is the greatest common divisor of 7 and 30174137?
7
Calculate the greatest common divisor of 3797162 and 20079.
2231
What is the greatest common factor of 65082868 and 204?
68
What is the greatest common factor of 88465836 and 6312?
3156
What is the highest common divisor of 1197 and 162707811?
399
What is the highest common divisor of 9180 and 188655?
15
What is the greatest common divisor of 15582752 and 5312?
2656
Calculate the greatest common divisor of 4886 and 41117086.
698
Calculate the greatest common factor of 18 and 9360318.
6
What is the greatest common divisor of 109194424 and 8?
8
What is the greatest common divisor of 6435 and 2499354?
1287
What is the highest common divisor of 240 and 2470740?
60
What is the highest common divisor of 384644 and 4394?
338
Calculate the greatest common divisor of 39 and 85607834.
13
Calculate the highest common divisor of 16 and 677828.
4
Calculate the highest common divisor of 18120 and 9963735.
2265
What is the highest common factor of 5135 and 1574865?
395
What is the highest common divisor of 1722 and 10443069?
861
What is the greatest common divisor of 262913126 and 28?
14
What is the greatest common factor of 2660 and 5752444180?
2660
What is the highest common divisor of 213841 and 127574?
281
What is the highest common factor of 3592371888 and 4704?
2352
What is the greatest common factor of 974 and 39299926?
974
What is the greatest common factor of 85785 and 3194565?
285
Calculate the greatest common divisor of 82857765 and 2679.
57
What is the highest common factor of 131017 and 56721?
37
Calculate the greatest common factor of 60452 and 14348.
68
Calculate the greatest common factor of 304932 and 996.
12
What is the greatest common divisor of 162576 and 56016?
144
Calculate the highest common factor of 10801 and 40958935.
1543
Calculate the highest common divisor of 240578 and 72189.
13
Calculate the greatest common divisor of 43434 and 10981164.
114
What is the highest common factor of 1508 and 17724356?
52
Calculate the greatest common divisor of 496 and 2127344.
496
What is the greatest common factor of 6667123 and 11?
1
What is the greatest common factor of 416 and 14470608?
16
Calculate the highest common divisor of 17 and 69176417.
17
What is the highest common factor of 66822875 and 6475?
175
Calculate the greatest common factor of 283556 and 245700.
364
Calculate the highest common divisor of 12740 and 38740.
260
Calculate the greatest common divisor of 21230790 and 42.
42
Calculate the greatest common divisor of 8424 and 2461212.
1404
Calculate the greatest common factor of 8229 and 1836861.
39
Calculate the greatest common divisor of 78769476 and 2316.
2316
What is the highest common factor of 41636075 and 175?
25
What is the greatest common factor of 7 and 181091267?
7
What is the highest common divisor of 2792188 and 812?
28
Calculate the greatest common factor of 975 and 2851175.
25
What is the highest common factor of 136617 and 2769?
39
What is the highest common divisor of 8833 and 4922613234?
8833
Calculate the highest common divisor of 1323 and 81663.
3
What is the highest common divisor of 490003 and 277?
1
Calculate the highest common divisor of 27026088 and 4.
4
Calculate the highest common divisor of 3371 and 67922279.
3371
What is the highest common divisor of 2898 and 100611?
63
What is the greatest common divisor of 192 and 1426623936?
192
Calculate the highest common divisor of 182 and 18727410.
26
Calculate the greatest common divisor of 225 and 2295500.
25
Calculate the greatest common factor of 256545 and 1905.
15
Calculate the greatest common factor of 53482475 and 705.
235
Calculate the greatest common divisor of 7315 and 3544849.
1463
Calculate the greatest common factor of 73765512 and 3672.
216
Calculate the greatest common divisor of 411 and 7849141.
137
What is the highest common divisor of 3343 and 84942287?
3343
What is the highest common divisor of 78991171 and 30815?
6163
Calculate the greatest common factor of 28810 and 43270.
10
Calculate the greatest common divisor of 3085 and 271105.
5
What is the greatest common factor of 2 and 20673465?
1
What is the highest common divisor of 2844 and 1306053?
9
Calculate the highest common factor of 30827433 and 273.
273
What is the highest common factor of 12784 and 1979123?
799
Calculate the highest common divisor of 13341282 and 209682.
2118
What is the greatest common divisor of 396476 and 444?
4
Calculate the highest common divisor of 4087167 and 21513.
303
What is the greatest common divisor of 3432165 and 2201?
31
What is the highest common divisor of 1889352 and 1296?
216
What is the greatest common divisor of 416647 and 209?
11
Calculate the highest common factor of 86568590 and 1190.
170
What is the highest common divisor of 749 and 17000053?
749
Calculate the greatest common divisor of 2257854293 and 101.
101
What is the highest common divisor of 362 and 2495424918?
362
Calculate the greatest common divisor of 26697 and 705738.
33
What is the greatest common factor of 1735 and 140741465?
1735
Calculate the greatest common divisor of 50573619 and 12006.
207
Calculate the greatest common divisor of 1741 and 1142423308.
1741
What is the greatest common factor of 3600498 and 2706?
66
Calculate the greatest common factor of 949460882 and 18856.
4714
Calculate the highest common factor of 324041828 and 22.
22
What is the highest common factor of 88375 and 11375?
875
Calculate the highest common factor of 230712 and 216.
24
What is the highest common divisor of 4224444818 and 34?
34
What is the highest common factor of 1944 and 97544736?
648
Calculate the highest common factor of 4036662 and 7421.
181
Calculate the greatest common factor of 323483 and 151951.
61
What is the greatest common factor of 20165204 and 368?
92
What is the greatest common divisor of 340 and 367490?
10
Calculate the highest common divisor of 4087 and 11343011.
61
Calculate the greatest common divisor of 241815375 and 2025.
2025
Calculate the highest common divisor of 354736895 and 1930.
965
Calculate the greatest common divisor of 17634145 and 15801.
229
Calculate the greatest common divisor of 98191380 and 7002.
2334
Calculate the highest common divisor of 1684872 and 6111.
63
What is the highest common divisor of 5877798 and 12360?
618
What is the greatest common divisor of 245056743 and 30084?
7521
What is the greatest common divisor of 39476 and 229472?
284
Calculate the highest common factor of 105 and 3295285.
35
What is the greatest common divisor of 66 and 6130410?
66
What is the greatest common factor of 24 and 1085706?
6
Calculate the highest common divisor of 902624 and 1120.
32
Cal